f*c + 2 = -b. What is the units digit of c?
3
Suppose -10 = 4*w - 118. What is the tens digit of w?
2
Suppose 0 = -5*l + 4*a + 64, -4*a - 3 = -a. What is the units digit of l?
2
Suppose -4*r = -145 - 75. What is the tens digit of r?
5
What is the units digit of (-57)/2*2/(-3)?
9
Let i = 20 + 81. What is the tens digit of i?
0
Let d = -187 - -403. What is the tens digit of d?
1
Suppose -4*d + 5*d = 7. Let b(s) = 4*s - 4. What is the tens digit of b(d)?
2
Let u = 27 - 62. Let y = u + 54. What is the tens digit of y?
1
What is the tens digit of -2 - (4 - (57 + -5))?
4
Suppose i - 5*p = 67 - 9, -4*i + 175 = -p. What is the tens digit of i?
4
Let f(m) = -m**3 - 10*m**2 - 10*m + 3. Suppose 3 = v - 4*v. Let o be -4 + 6 + v*11. What is the units digit of f(o)?
2
Let i(s) = 15*s - 25. What is the tens digit of i(8)?
9
What is the units digit of (-111)/(-6)*(4 + -2)?
7
Let l = -8 - -15. Let p = 23 - l. What is the tens digit of p?
1
Let z(o) = 4*o. Let y(i) = 27*i + 1. Let l(s) = -4*y(s) + 28*z(s). Let g = 14 - 10. What is the units digit of l(g)?
2
Suppose 0 = k - 0*k - 3. What is the units digit of k?
3
Suppose -3 = -4*w + 9. Suppose -25 = -2*q + w. What is the tens digit of q?
1
Let r = -5 - -4. Let h be (4/(-8))/(r/(-14)). Let p = h + 14. What is the units digit of p?
7
Let t(k) = -k**3 - 5*k**2 - k + 3. What is the units digit of t(-5)?
8
Suppose -3*q + 55 = -d + 172, -2*q = -2*d + 230. What is the units digit of d?
4
Let q(s) = 8*s**2 + 11*s - 21. What is the hundreds digit of q(5)?
2
Let o be (-4 - -5) + 0 + 3. Suppose 3*l - 3*w = -33, 3*l = -2*w - 12 + o. Let k = -4 - l. What is the units digit of k?
2
Let q(s) = 7*s - 27. What is the tens digit of q(8)?
2
Let c(w) = w + 2 + 6 - 3 + 1. Let k be c(-5). What is the units digit of (k/(-3))/((-6)/36)?
2
Let q = 2 - 3. Let i = 3 + q. Suppose -18 = -i*f - 4. What is the units digit of f?
7
Let q(c) = c**3 - 3*c**2 + 1. Let n(y) = -y**3 - 9*y**2 + 10*y + 2. Let g be n(-10). Let k be q(g). What is the units digit of (0 + 3/k)*-13?
3
Let x(g) = 18*g - 2. Let u be x(-3). Let f = u + 82. What is the tens digit of f?
2
Let h be 4/18 + 86/18. Suppose h*n - 3*n = -10. Let z = 7 + n. What is the units digit of z?
2
Suppose -3*m + 2*m = -14. Let h = m - 10. Suppose -4*s = 3*g - 32, 6*s - s - h*g - 40 = 0. What is the units digit of s?
8
Let r(z) = 11*z - 9. Let q(x) = 6*x - 4. Let w(u) = 7*q(u) - 4*r(u). Let s be w(6). What is the units digit of 32/12 - s/(-6)?
2
Suppose 4*l + 2*i - 346 = 0, l = 4*l - 5*i - 253. What is the units digit of l?
6
Let j be 1*(-3 - (2 + -1)). Let k be (-6)/j*2 - -2. What is the tens digit of 2/(-5) + 57/k?
1
Let z(b) = 22*b + 6. What is the tens digit of z(5)?
1
Suppose 3*b + i + 15 = 2*b, -2*b = 5*i + 24. Let y = -5 - b. What is the units digit of y?
2
Let l = -14 + 30. Suppose 17 + l = 3*k. What is the units digit of k?
1
Let c(w) = w**2 + 9*w + 12. Let p(i) = -i. Let h(b) = -c(b) + 4*p(b). What is the units digit of h(-10)?
8
Let n be 75/27 + (-2)/(-9). Suppose 4*s + 147 = n*u, -u - 186 = -5*u + 2*s. What is the units digit of u?
5
Suppose 20 = j - 14. What is the units digit of j?
4
Let d(z) = 43*z + 4. What is the units digit of d(3)?
3
Suppose a + 5*l = 35, -29 = -a - 3*l - 0*l. What is the tens digit of a?
2
Suppose -5*a = 5, 5*g + 4*a - 126 = -0*g. What is the tens digit of g?
2
Let r = 194 - 105. What is the units digit of r?
9
Suppose -75 = -f + 3*d - 26, f = -2*d + 54. Let p be -1 - f/((-6)/3). Suppose 4*y - 3 - p = -5*w, y - 3*w = -10. What is the units digit of y?
2
Suppose -120 = 3*s - 6*s. What is the tens digit of s?
4
What is the units digit of (1/2)/(0 + (-8)/(-1072))?
7
Suppose m - 44 = -3*l, 0*m + 162 = 4*m - 2*l. Suppose -39 = -4*h + m. What is the tens digit of h?
2
Suppose 0*c + c - 7 = 0. What is the tens digit of (-154)/c*(-1)/2?
1
Suppose 7*x + 70 = 2*x. Let d = x + 45. Suppose -5*o + d = -9. What is the units digit of o?
8
Let w be 70/22 - (-2)/(-11). Suppose -5*f - 4*y = -4, -1 - 27 = -4*f + w*y. What is the units digit of f?
4
Let r be (0 - -2)/((-2)/(-3)). Suppose -r*g = -89 - 1. Suppose 0 = -0*b + 2*b - g. What is the tens digit of b?
1
Let j = 555 + -362. What is the tens digit of j?
9
Let b be 64/(-6) + 2/(-6). What is the units digit of b/(-22)*(0 - -92)?
6
Let b = 20 + 128. What is the hundreds digit of b?
1
Let m be (2/6)/((-2)/6). Let p = m - -4. What is the units digit of (-1 - 0)/(p/(-6))?
2
Suppose 6*v - 28 = 2*v. Suppose 8 = -5*w + 5*b - 7, -3*b - 31 = 5*w. Let n = w + v. What is the units digit of n?
2
Suppose 246 + 190 = 4*c. What is the hundreds digit of c?
1
Suppose 7*s = 150 + 11. What is the units digit of s?
3
Suppose -o + 3*y = 6, -y - 12 = -4*o + 2*y. Let h = 12 - o. Suppose 0 = -x + 22 - h. What is the tens digit of x?
1
Let n(z) = 15*z + 3. Let b(q) = q + 1. Let o(r) = -2*b(r) + n(r). Let a be o(2). Suppose -5*i = -2*u - a, -3*i = 4*u - 7 - 4. What is the units digit of i?
5
Suppose 4*y + 46 = -2*b, b + b + 46 = -y. Let w = b - -40. What is the tens digit of w?
1
Let w(v) = -2*v + 5. What is the tens digit of w(-6)?
1
Let j = 1 + -1. Suppose j = -3*x, h + 3*x - 50 = -h. Suppose 32 = a - 5*s, -h = -8*a + 3*a - 2*s. What is the units digit of a?
7
Suppose -3*c + 4*c = 74. What is the tens digit of c?
7
Suppose -18*f = -20*f + 180. What is the units digit of f?
0
Suppose 3*w = n + 314, 119 + 191 = 3*w + n. What is the units digit of w?
4
What is the tens digit of 3 + 56 + 5 + -5?
5
Suppose -2*u + 2 = -3*t + 3, -5*t = -5*u + 5. Suppose g - 6 = -t. Suppose 4*o - 22 = -g*r, -5 = 4*r + 3. What is the units digit of o?
7
Suppose -2*z = 2 - 4. Suppose 2*b - 6 = -4*s, 2*s + 4*b - z = 5*s. What is the units digit of s?
1
Let i be (-58)/(-4)*6/3. Suppose 39 = 4*n - i. Suppose -2*v - n = 4*k + 3*v, 21 = 3*k - 3*v. What is the units digit of k?
2
Let p(f) = 2*f - 1. Let n be p(3). Suppose 5*l - 9 = 4*j - n*j, -2*l - 30 = -j. What is the tens digit of j?
2
Suppose -2 = -p + 1. Let l(c) = c**2 - 3*c + 4. What is the units digit of l(p)?
4
Suppose -1 = a - 5. Let i(f) = f**2 - 3*f. Let b be i(a). Suppose -b*l - 27 = -3*p - 0*p, 0 = -p - l + 9. What is the units digit of p?
9
Let m = -101 + 336. What is the tens digit of m/10 + (-2)/(-4)?
2
Let g(o) = 3*o - 7. What is the units digit of g(8)?
7
Let g be 0*(-2)/(-12)*3. Let b = g - -2. Suppose 3*u - 35 = -b*u. What is the units digit of u?
7
Let t(m) = -m**2 + 2. Let q be t(-2). What is the units digit of 5 + 3/((-6)/q)?
6
Suppose 3*n - 45 = -4*i, -4*i - 4*n + 2*n = -46. Suppose 2*b - 2*o + 2 = 0, o + 3*o = 2*b + i. What is the units digit of b?
4
Suppose 15*f = 6*f + 1026. What is the units digit of f?
4
Suppose -2*k + 4*k - 8 = 0, -2*o + k = 0. Suppose -o*f = 7 + 59. What is the units digit of -3 + 1/((-3)/f)?
8
Let w(c) = 2*c + c - 2*c + 4. Let d be w(5). Suppose 4*l = 3*l + d. What is the units digit of l?
9
Let z be (-4)/(((-15)/6)/(-5)). Let r = -4 - z. Suppose r*o = o + 6. What is the units digit of o?
2
Let o(g) = 94*g**2 - 2. What is the tens digit of o(-1)?
9
Let u(l) = l**3 + 11*l**2 + 6*l - 7. Let q = -34 - -24. What is the tens digit of u(q)?
3
Suppose 3*q + 4 = 13. Let v = -2 - -12. Suppose 0 = q*y - 8*y + v. What is the units digit of y?
2
Let h(g) = -g**2 + 7*g - 5. Let i be h(5). Suppose 6*w + i*f = 2*w + 37, 5*f = -3*w + 34. What is the units digit of w?
3
Suppose -35 = -h - 4*h. What is the units digit of h?
7
Let g = 595 - 424. What is the tens digit of g?
7
Let u(d) = 2*d - 12. Let y be u(6). Suppose -5*j = -g - 3*g - 45, -2*j - g + 31 = y. What is the units digit of j?
3
Suppose -3*s + 4*s - 5*m = -20, 0 = -5*m + 25. What is the units digit of s?
5
Let n be ((-180)/(-42))/((-1)/(-21)). Suppose -7*q - n = -12*q. What is the tens digit of q?
1
Suppose 5*s - m - 182 = 0, -2*m + 9 = m. Let p = 116 - 64. Let u = p - s. What is the units digit of u?
5
Suppose -13*b - 696 = -17*b. What is the units digit of b?
4
Suppose -c - m = -2*m + 7, 4*c + 3 = -m. What is the units digit of c/((-1)/((-69)/(-6)))?
3
What is the units digit of (0 + 2 + 0)/(-2)*-237?
7
Let i(j) = -j + 1. Let d(p) = 6*p**2 + 2*p - 2. Let g(a) = d(a) + 2*i(a). Let q be g(1). Suppose 0 = -k + q. What is the units digit of k?
6
Suppose 180 = x - 133. What is the units digit of x?
3
Suppose 0 = 2*m - 3*x + 3, x = 4*m